{"id":941,"date":"2024-04-20T14:24:58","date_gmt":"2024-04-20T06:24:58","guid":{"rendered":"https:\/\/hikvisionbali.com\/?post_type=product&#038;p=941"},"modified":"2024-04-20T14:32:54","modified_gmt":"2024-04-20T06:32:54","slug":"ds-96128ni-i16-hep","status":"publish","type":"product","link":"https:\/\/hikvisionbali.com\/index.php\/product\/ds-96128ni-i16-hep\/","title":{"rendered":"DS-96128NI-I16 (HEP)"},"content":{"rendered":"<div class=\"wptb-table-container wptb-table-942\"><div class=\"wptb-table-container-matrix\"><table class=\"wptb-preview-table wptb-element-main-table_setting-523 edit-active\" data-reconstraction=\"1\" style=\"border: 1px solid rgb(209, 209, 209);\" data-wptb-table-tds-sum-max-width=\"394\" data-wptb-cells-width-auto-count=\"3\" role=\"table\" data-wptb-header-background-color=\"\" data-wptb-even-row-background-color=\"\" data-wptb-odd-row-background-color=\"\" data-table-columns=\"3\"><tbody><tr class=\"wptb-row\" data-wptb-bg-color=\"\"><td class=\"wptb-cell\" data-y-index=\"0\" data-x-index=\"0\" style=\"border: 1px solid rgb(209, 209, 209);\" data-wptb-css-td-auto-width=\"true\"><div class=\"wptb-text-container wptb-ph-element wptb-element-text-1\"><div class=\"\" style=\"position: relative;\"><p><strong>Video And Audio<\/strong><\/p><\/div><\/div><\/td><td class=\"wptb-cell\" data-y-index=\"0\" data-x-index=\"1\" style=\"border: 1px solid rgb(209, 209, 209);\" data-wptb-css-td-auto-width=\"true\"><div class=\"wptb-text-container wptb-ph-element wptb-element-text-1\"><div class=\"\" style=\"position: relative;\"><p><strong>Decoding<\/strong><\/p><\/div><\/div><\/td><td class=\"wptb-cell\" data-y-index=\"0\" data-x-index=\"2\" style=\"border: 1px solid rgb(209, 209, 209);\" data-wptb-css-td-auto-width=\"true\"><div class=\"wptb-text-container wptb-ph-element wptb-element-text-1\"><div class=\"\" style=\"position: relative;\"><p class=\"\"><strong>Network<\/strong><\/p><\/div><\/div><\/td><\/tr><tr class=\"wptb-row\" data-wptb-bg-color=\"\"><td class=\"wptb-cell\" data-y-index=\"1\" data-x-index=\"0\" style=\"border: 1px solid rgb(209, 209, 209);\" data-wptb-css-td-auto-width=\"true\"><div class=\"wptb-text-container wptb-ph-element wptb-element-text-2\"><div class=\"\" style=\"position: relative;\"><p>IP Video Input128-ch<br>Incoming Bandwidth (RAID Mode)576 Mbps<br>Outgoing Bandwidth512 Mbps<br>Incoming Bandwidth576 Mbps<br>Outgoing Bandwidth (RAID Mode)512 Mbps<br>TLS Outgoing Bandwidth128 Mbps, or 64 Mbps (when RAID is enabled)<br>HDMI OutputTwo independent HDMI outputs of 4K resolution. Resolution: 4K (4096 \u00d7 2160), 4K (3840 \u00d7 2160)\/30Hz, 2K (2560 \u00d7 1440)\/60Hz, 1080p (1920 \u00d7 1080)\/60Hz, UXGA (1600 \u00d7 1200)\/60Hz, SXGA (1280 \u00d7 1024)\/60Hz, 720p (1280 \u00d7 720)\/60Hz, XGA (1024 \u00d7 768)\/60Hz<br>VGA Output1-ch. Resolution: 1080p (1920 \u00d7 1080)\/60Hz, UXGA (1600 \u00d7 1200)\/60Hz, SXGA (1280 \u00d7 1024)\/60Hz, 720p (1280 \u00d7 720)\/60Hz, XGA (1024 \u00d7 768)\/60Hz<br>LCD OutputOptional: One 7 inch LCD<br>Audio Output1-ch. RCA (2.0 Vp-p, 1 K\u2126)<br>Two-Way Audio1-ch, RCA (2.0 Vp-p, 1 K\u2126)<\/p><\/div><\/div><div class=\"wptb-text-container wptb-ph-element wptb-element-text-1\"><div class=\"\" style=\"position: relative;\"><p><\/p><\/div><\/div><\/td><td class=\"wptb-cell\" data-y-index=\"1\" data-x-index=\"1\" style=\"border: 1px solid rgb(209, 209, 209);\" data-wptb-css-td-auto-width=\"true\"><div class=\"wptb-text-container wptb-ph-element wptb-element-text-3\"><div class=\"\" style=\"position: relative;\"><p class=\"\">Decoding FormatH.265, H.265+, H.264, H.264+,MPEG4, MJPEG (for Hikvision IP camera only)<br>Recording Resolution32 MP\/24 MP\/12 MP\/8 MP\/7 MP\/6 MP\/5 MP\/4 MP\/3 MP\/1080p\/UXGA\/720p \/VGA\/4CIF\/DCIF\/2CIF\/CIF\/QCIF<br><br>*: 32 MP and 24 MP is only available for channel 1 to 4 when ultra HD resolution mode is enabled.<br>Synchronous PlaybackUp to 16 channels<br>Decoding Capability1-ch@32 MP (8160 \u00d7 3616, 30 fps)\/5-ch@8 MP(30 fps)\/10-ch@4 MP(30 fps)\/20-ch@1080p(30 fps)\/40-ch@720p(30 fps)<br><br>*: The length or width of camera resolution (each track) cannot exceed 4096 pixels.<\/p><\/div><\/div><div class=\"wptb-text-container wptb-ph-element wptb-element-text-1\"><div class=\"\" style=\"position: relative;\"><p><\/p><\/div><\/div><\/td><td class=\"wptb-cell\" data-y-index=\"1\" data-x-index=\"2\" style=\"border: 1px solid rgb(209, 209, 209);\" data-wptb-css-td-auto-width=\"true\"><div class=\"wptb-text-container wptb-ph-element wptb-element-text-4\"><div class=\"\" style=\"position: relative;\"><p>Network ProtocolIPv6, HTTPS, UPnP, SNMP, NTP, SADP, SMTP, NFS, iSCSI, PPPoE, DDNS<br>Camera Access ProtocolHIKVISION, ACTi, ARECONT, AXIS, BOSCH, BRICKCOM, CANON, HUNT, ONVIF (Version 2.5), PANASONIC, PELCO, RTSP, SAMSUNG, SONY, VIVOTEK, ZAVIO<br>Network Interface4, RJ45 10M\/100M\/1000M self-adaptive Ethernet interface<\/p><\/div><\/div><\/td><\/tr><tr class=\"wptb-row\" data-wptb-bg-color=\"\"><td class=\"wptb-cell\" style=\"border: 1px solid rgb(209, 209, 209);\" data-x-index=\"0\" data-y-index=\"2\" data-wptb-css-td-auto-width=\"true\"><div class=\"wptb-text-container wptb-ph-element wptb-element-text-17\"><div class=\"\" style=\"position: relative;\"><p class=\"\"><strong>RAID<\/strong><\/p><\/div><\/div><\/td><td class=\"wptb-cell\" style=\"border: 1px solid rgb(209, 209, 209);\" data-x-index=\"1\" data-y-index=\"2\" data-wptb-css-td-auto-width=\"true\"><div class=\"wptb-text-container wptb-ph-element wptb-element-text-18\"><div class=\"\" style=\"position: relative;\"><strong>Auxiliary Interface<\/strong><\/div><\/div><\/td><td class=\"wptb-cell\" style=\"border: 1px solid rgb(209, 209, 209);\" data-x-index=\"2\" data-y-index=\"2\" data-wptb-css-td-auto-width=\"true\"><div class=\"wptb-text-container wptb-ph-element wptb-element-text-19\"><div class=\"\" style=\"position: relative;\"><strong>General<\/strong><\/div><\/div><\/td><\/tr><tr class=\"wptb-row\" data-wptb-bg-color=\"\"><td class=\"wptb-cell\" style=\"border: 1px solid rgb(209, 209, 209);\" data-x-index=\"0\" data-y-index=\"3\" data-wptb-css-td-auto-width=\"true\"><div class=\"wptb-text-container wptb-ph-element wptb-element-text-8\"><div class=\"\" style=\"position: relative;\"><p class=\"\">RAID TypeRAID0, RAID1, RAID5, RAID 6, and RAID10<\/p><\/div><\/div><\/td><td class=\"wptb-cell\" style=\"border: 1px solid rgb(209, 209, 209);\" data-x-index=\"1\" data-y-index=\"3\" data-wptb-css-td-auto-width=\"true\"><div class=\"wptb-text-container wptb-ph-element wptb-element-text-9\"><div class=\"\" style=\"position: relative;\">SATA2 \u00d7 mini SAS interface (optional)<br>ESATA1 \u00d7 eSATA interface<br>CapacityUp to 10 TB for each HDD<br>Serial InterfaceRS-232; RS-485; Keyboard<br>USB InterfaceFront Panel: 2 \u00d7 USB 2.0; Rear Panel: 2 \u00d7 USB 3.0<br>Alarm In\/Out16\/8<br>Extension BoardOne extension board is supported with four 10M\/100M\/1000M optical interfaces (1.25 Gbps SFP module), eight RS-485 interfaces, and alarm interface of 32 alarm inputs and 16 alarm outputs.<\/div><\/div><\/td><td class=\"wptb-cell\" style=\"border: 1px solid rgb(209, 209, 209);\" data-x-index=\"2\" data-y-index=\"3\" data-wptb-css-td-auto-width=\"true\"><div class=\"wptb-text-container wptb-ph-element wptb-element-text-10\"><div class=\"\" style=\"position: relative;\">Power Supply100 to 240 VAC, 50 to 60Hz, 5 A<br>Consumption\u2264 140W<br>Working Temperature0 \u00b0C to + 50 \u00b0C (32 \u00b0F to 122 \u00b0F)<br>Working Humidity10% to 90%<br>Dimension (W \u00d7 D \u00d7 H)442 \u00d7 494 \u00d7 146 mm (17.4 \u00d7 19.4 \u00d7 5.7 inch)<br>Weight\u2264 16 kg (35.3 lb)<\/div><\/div><\/td><\/tr><\/tbody><\/table><\/div><\/div>\n","protected":false},"excerpt":{"rendered":"<h2 class=\"prod_name\"><span class=\"prod_name-content\">128-ch 3U 4K Super NVR<\/span><\/h2>\n<ul class=\"product_description_item-list\">\n<li class=\"product_description_item\">Up to 128 channel IP cameras can be connected<\/li>\n<li class=\"product_description_item\">Up to 576 Mbps high incoming bandwidth ensures IP cameras can be connected<\/li>\n<li class=\"product_description_item\">2 HDMI (different source) and 1 VGA interfaces16 HDD can be used for continuous video recording<\/li>\n<li class=\"product_description_item\">16 HDD can be used for continuous video recording<\/li>\n<li class=\"product_description_item\">Supports some specialist cameras, including people counting camera\/ANPR (automatic number plate recognition) camera\/fisheye camera<\/li>\n<li class=\"product_description_item\">Advanced streaming technology enables smooth live view in poor network conditions<\/li>\n<li class=\"product_description_item\">Supports RAID 0, 1, 5, 6, 10 and N+1 hot spare for even more reliable data storage, effectively avoids data loss risks<\/li>\n<\/ul>\n","protected":false},"featured_media":943,"comment_status":"closed","ping_status":"closed","template":"","meta":{"_monsterinsights_skip_tracking":false,"_monsterinsights_sitenote_active":false,"_monsterinsights_sitenote_note":"","_monsterinsights_sitenote_category":0},"class_list":["post-941","product","type-product","status-publish","has-post-thumbnail","hentry","product_cat-network-camera","product_cat-nvr-cctv","product_tag-hikvision-ip-cam","product_tag-ip-cam-hik","product_tag-nvr-cctv"],"_links":{"self":[{"href":"https:\/\/hikvisionbali.com\/index.php\/wp-json\/wp\/v2\/product\/941","targetHints":{"allow":["GET"]}}],"collection":[{"href":"https:\/\/hikvisionbali.com\/index.php\/wp-json\/wp\/v2\/product"}],"about":[{"href":"https:\/\/hikvisionbali.com\/index.php\/wp-json\/wp\/v2\/types\/product"}],"replies":[{"embeddable":true,"href":"https:\/\/hikvisionbali.com\/index.php\/wp-json\/wp\/v2\/comments?post=941"}],"version-history":[{"count":1,"href":"https:\/\/hikvisionbali.com\/index.php\/wp-json\/wp\/v2\/product\/941\/revisions"}],"predecessor-version":[{"id":944,"href":"https:\/\/hikvisionbali.com\/index.php\/wp-json\/wp\/v2\/product\/941\/revisions\/944"}],"wp:featuredmedia":[{"embeddable":true,"href":"https:\/\/hikvisionbali.com\/index.php\/wp-json\/wp\/v2\/media\/943"}],"wp:attachment":[{"href":"https:\/\/hikvisionbali.com\/index.php\/wp-json\/wp\/v2\/media?parent=941"}],"curies":[{"name":"wp","href":"https:\/\/api.w.org\/{rel}","templated":true}]}}