{"id":857,"date":"2024-04-19T16:29:16","date_gmt":"2024-04-19T08:29:16","guid":{"rendered":"https:\/\/hikvisionbali.com\/?post_type=product&#038;p=857"},"modified":"2024-04-19T17:57:58","modified_gmt":"2024-04-19T09:57:58","slug":"ds-2cd3021g2e-i","status":"publish","type":"product","link":"https:\/\/hikvisionbali.com\/index.php\/product\/ds-2cd3021g2e-i\/","title":{"rendered":"DS-2CD3021G2E-I"},"content":{"rendered":"<div class=\"wptb-table-container wptb-table-856\"><div class=\"wptb-table-container-matrix\"><table class=\"wptb-preview-table wptb-element-main-table_setting-523\" data-reconstraction=\"1\" style=\"border: 1px solid rgb(209, 209, 209);\" data-wptb-table-tds-sum-max-width=\"394\" data-wptb-cells-width-auto-count=\"3\" role=\"table\" data-wptb-header-background-color=\"\" data-wptb-even-row-background-color=\"\" data-wptb-odd-row-background-color=\"\" data-table-columns=\"3\"><tbody><tr class=\"wptb-row\" data-wptb-bg-color=\"\"><td class=\"wptb-cell\" data-y-index=\"0\" data-x-index=\"0\" style=\"border: 1px solid rgb(209, 209, 209);\" data-wptb-css-td-auto-width=\"true\"><div class=\"wptb-text-container wptb-ph-element wptb-element-text-1\"><div class=\"\" style=\"position: relative;\"><p><strong>Camera<\/strong><\/p><\/div><\/div><\/td><td class=\"wptb-cell\" data-y-index=\"0\" data-x-index=\"1\" style=\"border: 1px solid rgb(209, 209, 209);\" data-wptb-css-td-auto-width=\"true\"><div class=\"wptb-text-container wptb-ph-element wptb-element-text-1\"><div class=\"\" style=\"position: relative;\"><p><strong>Lens<\/strong><\/p><\/div><\/div><\/td><td class=\"wptb-cell\" data-y-index=\"0\" data-x-index=\"2\" style=\"border: 1px solid rgb(209, 209, 209);\" data-wptb-css-td-auto-width=\"true\"><div class=\"wptb-text-container wptb-ph-element wptb-element-text-1\"><div class=\"\" style=\"position: relative;\"><p><strong>Illuminator<\/strong><\/p><\/div><\/div><\/td><\/tr><tr class=\"wptb-row\" data-wptb-bg-color=\"\"><td class=\"wptb-cell\" data-y-index=\"1\" data-x-index=\"0\" style=\"border: 1px solid rgb(209, 209, 209);\" data-wptb-css-td-auto-width=\"true\"><div class=\"wptb-text-container wptb-ph-element wptb-element-text-2\"><div class=\"\" style=\"position: relative;\"><p>Image Sensor 1\/2.9\" Progressive Scan CMOS<br>Max. Resolution 1920 \u00d7 1080<br>Shutter Time 1\/3 s to 1\/100,000 s<br>Min. Illumination Color: 0.01 Lux @ (F2.0, AGC ON), B\/W: 0 Lux with IR<br>Day &amp; Night IR cut filter<br>Angle Adjustment Pan: 0\u00b0 to 360\u00b0, tilt: 0\u00b0 to 90\u00b0, rotate: 0\u00b0 to 360\u00b0<\/p><\/div><\/div><div class=\"wptb-text-container wptb-ph-element wptb-element-text-1\"><div class=\"\" style=\"position: relative;\"><p><\/p><\/div><\/div><\/td><td class=\"wptb-cell\" data-y-index=\"1\" data-x-index=\"1\" style=\"border: 1px solid rgb(209, 209, 209);\" data-wptb-css-td-auto-width=\"true\"><div class=\"wptb-text-container wptb-ph-element wptb-element-text-3\"><div class=\"\" style=\"position: relative;\"><p class=\"\">Lens Type Fixed focal lens, 2.8 and 4 mm optional<br>Focal Length &amp; FOV<br>2.8 mm, horizontal FOV 104.9\u00b0, vertical FOV 58.3\u00b0, diagonal FOV 123.3\u00b0<br>4 mm, horizontal FOV 81.3\u00b0, vertical FOV 43.7\u00b0, diagonal FOV 96.9\u00b0<br>Lens Mount M12<br>Iris Type Fixed<br>Aperture F2.0<\/p><\/div><\/div><div class=\"wptb-text-container wptb-ph-element wptb-element-text-1\"><div class=\"\" style=\"position: relative;\"><p><\/p><\/div><\/div><\/td><td class=\"wptb-cell\" data-y-index=\"1\" data-x-index=\"2\" style=\"border: 1px solid rgb(209, 209, 209);\" data-wptb-css-td-auto-width=\"true\"><div class=\"wptb-text-container wptb-ph-element wptb-element-text-4\"><div class=\"\" style=\"position: relative;\"><p>Supplement Light Type IR<br>Supplement Light Range Up to 40 m<br>Smart Supplement Light Yes<br>IR Wavelength 850 nm<\/p><\/div><\/div><div class=\"wptb-text-container wptb-ph-element wptb-element-text-1\"><div class=\"\" style=\"position: relative;\"><p><\/p><\/div><\/div><\/td><\/tr><tr class=\"wptb-row\" data-wptb-bg-color=\"\"><td class=\"wptb-cell\" style=\"border: 1px solid rgb(209, 209, 209);\" data-x-index=\"0\" data-y-index=\"2\" data-wptb-css-td-auto-width=\"true\"><div class=\"wptb-text-container wptb-ph-element wptb-element-text-17\"><div class=\"\" style=\"position: relative;\"><p><strong>Video<\/strong><\/p><\/div><\/div><\/td><td class=\"wptb-cell\" style=\"border: 1px solid rgb(209, 209, 209);\" data-x-index=\"1\" data-y-index=\"2\" data-wptb-css-td-auto-width=\"true\"><div class=\"wptb-text-container wptb-ph-element wptb-element-text-18\"><div class=\"\" style=\"position: relative;\"><p><strong>Network<\/strong><\/p><\/div><\/div><\/td><td class=\"wptb-cell\" style=\"border: 1px solid rgb(209, 209, 209);\" data-x-index=\"2\" data-y-index=\"2\" data-wptb-css-td-auto-width=\"true\"><div class=\"wptb-text-container wptb-ph-element wptb-element-text-19\"><div class=\"\" style=\"position: relative;\"><p><strong>Images<\/strong><\/p><\/div><\/div><\/td><\/tr><tr class=\"wptb-row\" data-wptb-bg-color=\"\"><td class=\"wptb-cell\" style=\"border: 1px solid rgb(209, 209, 209);\" data-x-index=\"0\" data-y-index=\"3\" data-wptb-css-td-auto-width=\"true\"><div class=\"wptb-text-container wptb-ph-element wptb-element-text-8\"><div class=\"\" style=\"position: relative;\"><p class=\"\">Main Stream<br>50 Hz: 25 fps (1920 \u00d7 1080, 1280 \u00d7 720)<br>60 Hz: 30 fps (1920 \u00d7 1080, 1280 \u00d7 720)<br>Sub-Stream<br>50 Hz: 25 fps (640 \u00d7 480, 640 \u00d7 360)<br>60 Hz: 30 fps (640 \u00d7 480, 640 \u00d7 360)<br>Video Compression<br>Main stream: H.265+\/H.265\/H.264+\/H.264,<br>Sub-stream: H.265\/H.264\/MJPEG<br>Video Bit Rate 32 Kbps to 8 Mbps<br>H.264 Type Baseline Profile, Main Profile, High Profile<br>H.265 Type Main Profile<br>Bit Rate Control CBR, VBR<br>Region of Interest (ROI) 1 fixed region for main stream and sub-stream<\/p><\/div><\/div><\/td><td class=\"wptb-cell\" style=\"border: 1px solid rgb(209, 209, 209);\" data-x-index=\"1\" data-y-index=\"3\" data-wptb-css-td-auto-width=\"true\"><div class=\"wptb-text-container wptb-ph-element wptb-element-text-9\"><div class=\"\" style=\"position: relative;\"><p class=\"\">Security<br>Password protection, complicated password, HTTPS encryption, 802.1X authentication<br>(EAP-MD5), watermark, basic and digest authentication for HTTP\/HTTPS, WSSE and<br>digest authentication for Open Network Video Interface, RTP\/RTSP over HTTPS,<br>security audit log, TLS 1.2, TLS 1.3, host authentication (MAC address)<br>Simultaneous Live View Up to 6 channels<br>API Open Network Video Interface (Profile S, Profile T), ISAPI, SDK<br>Protocols<br>TCP\/IP, ICMP, DHCP, DNS, HTTP, RTP, RTSP, RTCP, NTP, IGMP, IPv4, IPv6, UDP, QoS,<br>FTP, SMTP, SNMP v2c\/v3, HTTPS, DDNS, UPnP, 802.1X<br>User\/Host<br>Up to 32 users<br>3 user levels: administrator, operator, and user<br>Client iVMS-4200, Hik-Connect<br>Web Browser<br>Plug-in required live view: IE 10, IE 11,<br>Local service: Chrome 57.0+, Firefox 52.0+<\/p><\/div><\/div><\/td><td class=\"wptb-cell\" style=\"border: 1px solid rgb(209, 209, 209);\" data-x-index=\"2\" data-y-index=\"3\" data-wptb-css-td-auto-width=\"true\"><div class=\"wptb-text-container wptb-ph-element wptb-element-text-10\"><div class=\"\" style=\"position: relative;\"><p>Wide Dynamic Range (WDR) Digital WDR<br>SNR \u2265 52 dB<br>Day\/Night Switch Day, Night, Auto, Schedule<br>Image Enhancement BLC, HLC, 3D DNR<br>Image Settings<br>Rotate mode, saturation, brightness, contrast, sharpness, gain, white balance,<br>adjustable by client software or web browser<br>Privacy Mask 4 programmable polygon privacy masks<\/p><\/div><\/div><\/td><\/tr><tr class=\"wptb-row\" data-wptb-bg-color=\"\"><td class=\"wptb-cell\" style=\"border: 1px solid rgb(209, 209, 209);\" data-x-index=\"0\" data-y-index=\"4\" data-wptb-css-td-auto-width=\"true\"><div class=\"wptb-text-container wptb-ph-element wptb-element-text-11\"><div class=\"\" style=\"position: relative;\"><p><strong>Interface<\/strong><\/p><\/div><\/div><\/td><td class=\"wptb-cell\" style=\"border: 1px solid rgb(209, 209, 209);\" data-x-index=\"1\" data-y-index=\"4\" data-wptb-css-td-auto-width=\"true\"><div class=\"wptb-text-container wptb-ph-element wptb-element-text-12\"><div class=\"\" style=\"position: relative;\"><p><strong>Event<\/strong><\/p><\/div><\/div><\/td><td class=\"wptb-cell\" style=\"border: 1px solid rgb(209, 209, 209);\" data-x-index=\"2\" data-y-index=\"4\" data-wptb-css-td-auto-width=\"true\"><div class=\"wptb-text-container wptb-ph-element wptb-element-text-13\"><div class=\"\" style=\"position: relative;\"><p><strong>General<\/strong><\/p><\/div><\/div><\/td><\/tr><tr class=\"wptb-row\" data-wptb-bg-color=\"\"><td class=\"wptb-cell\" style=\"border: 1px solid rgb(209, 209, 209);\" data-x-index=\"0\" data-y-index=\"5\" data-wptb-css-td-auto-width=\"true\"><div class=\"wptb-text-container wptb-ph-element wptb-element-text-14\"><div class=\"\" style=\"position: relative;\"><p>Ethernet Interface 1 RJ45 10 M\/100 M self-adaptive Ethernet port <\/p><\/div><\/div><\/td><td class=\"wptb-cell\" style=\"border: 1px solid rgb(209, 209, 209);\" data-x-index=\"1\" data-y-index=\"5\" data-wptb-css-td-auto-width=\"true\"><div class=\"wptb-text-container wptb-ph-element wptb-element-text-15\"><div class=\"\" style=\"position: relative;\"><p>Basic Event<br>Motion detection (support alarm triggering by specified target types (human and<br>vehicle)), video tampering alarm, exception<br>Smart Event Line crossing detection, intrusion detection<br>Linkage Upload to FTP, send email, notify surveillance center, trigger capture<\/p><\/div><\/div><\/td><td class=\"wptb-cell\" style=\"border: 1px solid rgb(209, 209, 209);\" data-x-index=\"2\" data-y-index=\"5\" data-wptb-css-td-auto-width=\"true\"><div class=\"wptb-text-container wptb-ph-element wptb-element-text-16\"><div class=\"\" style=\"position: relative;\"><p>Power<br>12 VDC \u00b1 25%, 0.4 A, max. 5 W, \u00d8 5.5 mm coaxial power plug, reverse polarity<br>protection,<br>PoE: IEEE 802.3af, Class 3, max. 6.5 W<br>Material Front cover: Metal, body: Plastic, bracket: Plastic<br>Dimension 170.8 mm \u00d7 66 mm \u00d7 69.1 mm (6.7\" \u00d7 2.6\" \u00d7 2.7\")<br>Package Dimension 216 mm \u00d7 121 mm \u00d7 118 mm (8.5\" \u00d7 4.8\" \u00d7 4.6\")<br>Weight Approx. 270 g (0.6 lb.)<br>With Package Weight Approx. 481 g (1.1 lb.)<br>Storage Conditions -30 \u00b0C to 60 \u00b0C (-22 \u00b0F to 140 \u00b0F). Humidity 95% or less (non-condensing)<br>Startup and Operating<br>Conditions<br>-30 \u00b0C to 60 \u00b0C (-22 \u00b0F to 140 \u00b0F). Humidity 95% or less (non-condensing)<br>Language<br>English, Turkish, Polish, Romanian, Czech, Slovak, Traditional Chinese, Thai,<br>Vietnamese, Croatian, Slovenian, Serbian, Ukrainian<br>General Function<br>Heartbeat, anti-banding, mirror, password protection, password reset via email, pixel<br>counter <\/p><\/div><\/div><\/td><\/tr><tr class=\"wptb-row\" data-wptb-bg-color=\"\"><td class=\"wptb-cell\" style=\"border: 1px solid rgb(209, 209, 209);\" data-x-index=\"0\" data-y-index=\"6\" data-wptb-css-td-auto-width=\"true\"><div class=\"wptb-text-container wptb-ph-element wptb-element-text-20\"><div class=\"\" style=\"position: relative;\"><p><strong>Approval<br><\/strong><\/p><\/div><\/div><\/td><td class=\"wptb-cell\" style=\"border: 1px solid rgb(209, 209, 209);\" data-x-index=\"1\" data-y-index=\"6\" data-wptb-css-td-auto-width=\"true\"><div class=\"wptb-text-container wptb-ph-element wptb-element-text-21\"><div><p><\/p><\/div><\/div><\/td><td class=\"wptb-cell\" style=\"border: 1px solid rgb(209, 209, 209);\" data-x-index=\"2\" data-y-index=\"6\" data-wptb-css-td-auto-width=\"true\"><div class=\"wptb-text-container wptb-ph-element wptb-element-text-22\"><div class=\"\" style=\"position: relative;\"><p><\/p><\/div><\/div><\/td><\/tr><tr class=\"wptb-row\" data-wptb-bg-color=\"\"><td class=\"wptb-cell\" style=\"border: 1px solid rgb(209, 209, 209);\" data-x-index=\"0\" data-y-index=\"7\" data-wptb-css-td-auto-width=\"true\"><div class=\"wptb-text-container wptb-ph-element wptb-element-text-23 edit-active\"><div class=\"\" style=\"position: relative;\"><p>EMC FCC: 47 CFR Part 15, Subpart B<br>Safety<br>CB: IEC 62368-1: 2014+A11,<br>CE-LVD: EN 62368-1: 2014\/A11: 2017,<br>BIS: IS 13252 (Part 1): 2010\/IEC 60950-1: 2005<br>Environment CE-RoHS: 2011\/65\/EU<br>Protection IP67: IEC 60529-2013<\/p><\/div><\/div><\/td><td class=\"wptb-cell\" style=\"border: 1px solid rgb(209, 209, 209);\" data-x-index=\"1\" data-y-index=\"7\" data-wptb-css-td-auto-width=\"true\"><div class=\"wptb-text-container wptb-ph-element wptb-element-text-24\"><div><p><\/p><\/div><\/div><\/td><td class=\"wptb-cell\" style=\"border: 1px solid rgb(209, 209, 209);\" data-x-index=\"2\" data-y-index=\"7\" data-wptb-css-td-auto-width=\"true\"><div class=\"wptb-text-container wptb-ph-element wptb-element-text-25\"><div class=\"\" style=\"position: relative;\"><p><\/p><\/div><\/div><\/td><\/tr><\/tbody><\/table><\/div><\/div>\n","protected":false},"excerpt":{"rendered":"<ul>\n<li>High quality imaging with 2 MP resolution<\/li>\n<li>Support Human Detection<\/li>\n<li>Water and dust resistant (IP67) and vandal resistant (IK08)<\/li>\n<li>Clear imaging even with strong back lighting due to DWDR<br \/>\ntechnology<\/li>\n<li>Efficient H.265+ compression technology<\/li>\n<li>EXIR 2.0: advanced infrared technology with long IR range<\/li>\n<li>Support Human and Vehicle Detection<\/li>\n<\/ul>\n","protected":false},"featured_media":862,"comment_status":"closed","ping_status":"closed","template":"","meta":{"_monsterinsights_skip_tracking":false,"_monsterinsights_sitenote_active":false,"_monsterinsights_sitenote_note":"","_monsterinsights_sitenote_category":0},"class_list":["post-857","product","type-product","status-publish","has-post-thumbnail","hentry","product_cat-network-camera","product_cat-outdoor-ip-cam","product_tag-hikvision-ip-cam","product_tag-ip-cam-hik","product_tag-outdoor-ip-cam"],"_links":{"self":[{"href":"https:\/\/hikvisionbali.com\/index.php\/wp-json\/wp\/v2\/product\/857","targetHints":{"allow":["GET"]}}],"collection":[{"href":"https:\/\/hikvisionbali.com\/index.php\/wp-json\/wp\/v2\/product"}],"about":[{"href":"https:\/\/hikvisionbali.com\/index.php\/wp-json\/wp\/v2\/types\/product"}],"replies":[{"embeddable":true,"href":"https:\/\/hikvisionbali.com\/index.php\/wp-json\/wp\/v2\/comments?post=857"}],"version-history":[{"count":1,"href":"https:\/\/hikvisionbali.com\/index.php\/wp-json\/wp\/v2\/product\/857\/revisions"}],"predecessor-version":[{"id":863,"href":"https:\/\/hikvisionbali.com\/index.php\/wp-json\/wp\/v2\/product\/857\/revisions\/863"}],"wp:featuredmedia":[{"embeddable":true,"href":"https:\/\/hikvisionbali.com\/index.php\/wp-json\/wp\/v2\/media\/862"}],"wp:attachment":[{"href":"https:\/\/hikvisionbali.com\/index.php\/wp-json\/wp\/v2\/media?parent=857"}],"curies":[{"name":"wp","href":"https:\/\/api.w.org\/{rel}","templated":true}]}}